{"id":12,"date":"2025-03-15T23:26:24","date_gmt":"2025-03-15T23:26:24","guid":{"rendered":"https:\/\/reyjavikcannabis.com\/?page_id=12"},"modified":"2025-03-15T23:26:24","modified_gmt":"2025-03-15T23:26:24","slug":"metatags1","status":"publish","type":"page","link":"https:\/\/reyjavikcannabis.com\/index.php\/metatags1\/","title":{"rendered":"metatags1"},"content":{"rendered":"<p data-start=\"195\" data-end=\"6082\">Reykjav\u00edk, h\u00f6fu\u00f0borg \u00cdslands, \u00cdsland, Reykjav\u00edkurfer\u00f0ir, Reykjav\u00edkurmat, \u00edslensk menning, \u00edslensk matarger\u00f0, \u00fej\u00f3\u00f0menning \u00cdslands, fer\u00f0al\u00f6g til Reykjav\u00edkur, Harpa t\u00f3nlistarh\u00fas, Hallgr\u00edmskirkja, Perlan, Laugavegur, gamla h\u00f6fnin, \u00c1rb\u00e6jarsafn, Tj\u00f6rnin, \u00c1sgr\u00edmskirkja, Reykjav\u00edkurv\u00f6llur, Laugardalur, Blue Lagoon, Gullfoss, \u00deingvellir, Hvalfj\u00f6r\u00f0ur, Grandi, Sun Voyager, \u00edslenskir veitingasta\u00f0ir, \u00edslenskt kaffi, \u00edslenskar s\u00fapur, h\u00e1karl, Reykjav\u00edkurb\u00ed\u00f3, \u00edslensk b\u00f3kmenntir, \u00edslenskt \u00fej\u00f3\u00f0ararf, \u00edslenskir t\u00f3nlistarmenn, \u00edslensk t\u00f3nlist, Reykjav\u00edk Art Museum, National Museum of Iceland, Borgars\u00f6gusafn, \u00c1rbaejarsafn, Harpa Reykjav\u00edk, Gamla b\u00e6inn, Icelandic seafood, Icelandic lamb, Icelandic hot dogs, traditional Icelandic food, Reykjavik nightlife, Reykjavik bars, Reykjavik restaurants, Reykjavik caf\u00e9s, Icelandic pancakes, Reykjavik street food, Reykjavik food scene, Reykjavik markets, Reykjavik tour, Reykjavik sightseeing, Reykjavik hiking, Reykjavik art scene, Reykjavik museums, Reykjavik shopping, Reykjavik souvenirs, Reykjavik luxury hotels, Reykjavik boutique hotels, Reykjavik accommodations, Reykjavik luxury restaurants, Reykjavik vegan food, Reykjavik pizza, Reykjavik Icelandic cuisine, Reykjavik delicacies, Reykjavik breakfast spots, Reykjavik vegan caf\u00e9s, Reykjavik fish dishes, Icelandic cuisine, Reykjavik nightlife spots, Reykjavik clubs, Reykjavik art galleries, Reykjavik concerts, Reykjavik theaters, Reykjavik festivals, Reykjavik winter activities, Reykjavik summer activities, Reykjavik hot springs, Reykjavik spas, Reykjavik geothermal pools, Reykjavik fitness centers, Reykjavik shopping mall, Reykjavik fashion, Reykjavik luxury shopping, Reykjavik culture, Reykjavik local shops, Reykjavik antiques, Reykjavik farmers markets, Reykjavik music festivals, Reykjavik cultural festivals, Reykjavik street art, Reykjavik tours, Reykjavik day trips, Reykjavik to Golden Circle, Reykjavik to South Coast, Reykjavik to Blue Lagoon, Reykjavik to Thingvellir, Reykjavik to Gullfoss, Reykjavik to Geysir, Reykjavik to Vik, Reykjavik to Hvolsv\u00f6llur, Reykjavik to Sk\u00f3gafoss, Reykjavik to Seljalandsfoss, Reykjavik to J\u00f6kuls\u00e1rl\u00f3n, Reykjavik to Vatnaj\u00f6kull, Reykjavik to Akureyri, Reykjavik to North Iceland, Reykjavik whale watching, Reykjavik to Snaefellsnes, Reykjavik hot spring visits, Reykjavik food tours, Reykjavik guided tours, Reykjavik bike rentals, Reykjavik shopping tours, Reykjavik culture tours, Reykjavik sightseeing tours, Reykjavik private tours, Reykjavik jeep tours, Reykjavik helicopter tours, Reykjavik adventure tours, Reykjavik walking tours, Reykjavik boat tours, Reykjavik boat trips, Reykjavik historic tours, Reykjavik city guides, Reykjavik city walks, Reykjavik photography tours, Reykjavik budget travel, Reykjavik luxury travel, Reykjavik travel tips, Reykjavik must-see sights, Reykjavik hidden gems, Reykjavik best restaurants, Reykjavik best cafes, Reykjavik best bars, Reykjavik best clubs, Reykjavik best spas, Reykjavik best hotels, Reykjavik best tours, Reykjavik travel packages, Reykjavik short trips, Reykjavik vacations, Reykjavik hotels with pools, Reykjavik hotels with views, Reykjavik hotels near airport, Reykjavik hotels near city center, Reykjavik family hotels, Reykjavik romantic hotels, Reykjavik boutique hotels, Reykjavik luxury accommodation, Reykjavik bed and breakfast, Reykjavik hostels, Reykjavik budget accommodation, Reykjavik student accommodation, Reykjavik honeymoon destinations, Reykjavik pet-friendly hotels, Reykjavik resorts, Reykjavik apartments, Reykjavik family activities, Reykjavik child-friendly restaurants, Reykjavik kid-friendly tours, Reykjavik travel with kids, Reykjavik summer vacations, Reykjavik winter vacations, Reykjavik autumn travel, Reykjavik spring travel, Reykjavik hiking trips, Reykjavik adventure travel, Reykjavik winter sports, Reykjavik skiing, Reykjavik snowboarding, Reykjavik snow activities, Reykjavik Christmas markets, Reykjavik Christmas events, Reykjavik New Year&#8217;s Eve, Reykjavik holiday events, Reykjavik Reykjavik Marathon, Reykjavik half marathon, Reykjavik swimming pools, Reykjavik Icelandic literature, Reykjavik Viking history, Reykjavik saga tours, Reykjavik Viking museum, Reykjavik Nordic mythology, Reykjavik Reykjavik old town, Reykjavik shopping street, Reykjavik high-end stores, Reykjavik jewelry, Reykjavik Icelandic wool products, Reykjavik wool sweaters, Reykjavik souvenirs, Reykjavik Icelandic arts and crafts, Reykjavik designer stores, Reykjavik textile shops, Reykjavik Reykjavik luxury, Reykjavik Reykjavik fashion week, Reykjavik hot springs, Reykjavik geothermal pools, Reykjavik public pools, Reykjavik botanical gardens, Reykjavik nature walks, Reykjavik green spaces, Reykjavik parks, Reykjavik city parks, Reykjavik nature reserves, Reykjavik eco-tourism, Reykjavik sustainability, Reykjavik environmental initiatives, Reykjavik green hotels, Reykjavik bike tours, Reykjavik hiking routes, Reykjavik walkable city, Reykjavik public transport, Reykjavik buses, Reykjavik taxi services, Reykjavik bike rental services, Reykjavik car rentals, Reykjavik airport shuttle, Reykjavik city buses, Reykjavik bus tours, Reykjavik public transport maps, Reykjavik public transport apps, Reykjavik international airports, Reykjavik Keflavik Airport, Reykjavik flight services, Reykjavik travel insurance, Reykjavik travel agencies, Reykjavik best shopping, Reykjavik Reykjavik discounts, Reykjavik local artists, Reykjavik cultural experiences, Reykjavik music scene, Reykjavik live concerts, Reykjavik comedy shows, Reykjavik theater performances, Reykjavik ballet performances, Reykjavik cultural events, Reykjavik fashion events, Reykjavik sports events, Reykjavik Reykjavik culture, Reykjavik Reykjavik festivals, Reykjavik Reykjavik sports, Reykjavik Reykjavik sightseeing tours, Reykjavik Reykjavik guides, Reykjavik Reykjavik transportation.<\/p>\n<p data-start=\"6084\" data-end=\"6310\" data-is-last-node=\"\" data-is-only-node=\"\">\n","protected":false},"excerpt":{"rendered":"<p>Reykjav\u00edk, h\u00f6fu\u00f0borg \u00cdslands, \u00cdsland, Reykjav\u00edkurfer\u00f0ir, Reykjav\u00edkurmat, \u00edslensk menning, \u00edslensk matarger\u00f0, \u00fej\u00f3\u00f0menning \u00cdslands, fer\u00f0al\u00f6g til Reykjav\u00edkur, Harpa t\u00f3nlistarh\u00fas, Hallgr\u00edmskirkja, Perlan, Laugavegur, gamla h\u00f6fnin, \u00c1rb\u00e6jarsafn, Tj\u00f6rnin, \u00c1sgr\u00edmskirkja, Reykjav\u00edkurv\u00f6llur, Laugardalur, Blue Lagoon, Gullfoss, \u00deingvellir, Hvalfj\u00f6r\u00f0ur, Grandi, Sun Voyager, \u00edslenskir veitingasta\u00f0ir, \u00edslenskt kaffi, \u00edslenskar s\u00fapur, h\u00e1karl, Reykjav\u00edkurb\u00ed\u00f3, \u00edslensk b\u00f3kmenntir, \u00edslenskt \u00fej\u00f3\u00f0ararf, \u00edslenskir t\u00f3nlistarmenn, \u00edslensk t\u00f3nlist, Reykjav\u00edk Art Museum, National [&hellip;]<\/p>\n","protected":false},"author":1,"featured_media":0,"parent":0,"menu_order":0,"comment_status":"closed","ping_status":"closed","template":"","meta":{"footnotes":""},"class_list":["post-12","page","type-page","status-publish","hentry"],"yoast_head":"<!-- This site is optimized with the Yoast SEO plugin v27.4 - https:\/\/yoast.com\/product\/yoast-seo-wordpress\/ -->\n<title>metatags1 - Kauptu t&ouml;frandi bl&oacute;m &aacute; &Iacute;slandi - Nafnlausar grei&eth;slur - Bitcoin - 100% alvarleg og hei&eth;arleg &thorn;j&oacute;nusta - 420 Iceland Reyjavik Cannabis Shop - Whatsapp Telegram +34664537342 SIGNAL @cmmleomadrid.65 &ndash; Leo (English support) - panterarosa1772@gmail.com - Threema: JHXT6HHA<\/title>\n<meta name=\"robots\" content=\"index, follow, max-snippet:-1, max-image-preview:large, max-video-preview:-1\" \/>\n<link rel=\"canonical\" href=\"https:\/\/reyjavikcannabis.com\/index.php\/metatags1\/\" \/>\n<meta property=\"og:locale\" content=\"en_GB\" \/>\n<meta property=\"og:type\" content=\"article\" \/>\n<meta property=\"og:title\" content=\"metatags1 - Kauptu t&ouml;frandi bl&oacute;m &aacute; &Iacute;slandi - Nafnlausar grei&eth;slur - Bitcoin - 100% alvarleg og hei&eth;arleg &thorn;j&oacute;nusta - 420 Iceland Reyjavik Cannabis Shop - Whatsapp Telegram +34664537342 SIGNAL @cmmleomadrid.65 &ndash; Leo (English support) - panterarosa1772@gmail.com - Threema: JHXT6HHA\" \/>\n<meta property=\"og:description\" content=\"Reykjav\u00edk, h\u00f6fu\u00f0borg \u00cdslands, \u00cdsland, Reykjav\u00edkurfer\u00f0ir, Reykjav\u00edkurmat, \u00edslensk menning, \u00edslensk matarger\u00f0, \u00fej\u00f3\u00f0menning \u00cdslands, fer\u00f0al\u00f6g til Reykjav\u00edkur, Harpa t\u00f3nlistarh\u00fas, Hallgr\u00edmskirkja, Perlan, Laugavegur, gamla h\u00f6fnin, \u00c1rb\u00e6jarsafn, Tj\u00f6rnin, \u00c1sgr\u00edmskirkja, Reykjav\u00edkurv\u00f6llur, Laugardalur, Blue Lagoon, Gullfoss, \u00deingvellir, Hvalfj\u00f6r\u00f0ur, Grandi, Sun Voyager, \u00edslenskir veitingasta\u00f0ir, \u00edslenskt kaffi, \u00edslenskar s\u00fapur, h\u00e1karl, Reykjav\u00edkurb\u00ed\u00f3, \u00edslensk b\u00f3kmenntir, \u00edslenskt \u00fej\u00f3\u00f0ararf, \u00edslenskir t\u00f3nlistarmenn, \u00edslensk t\u00f3nlist, Reykjav\u00edk Art Museum, National [&hellip;]\" \/>\n<meta property=\"og:url\" content=\"https:\/\/reyjavikcannabis.com\/index.php\/metatags1\/\" \/>\n<meta property=\"og:site_name\" content=\"Kauptu t&ouml;frandi bl&oacute;m &aacute; &Iacute;slandi - Nafnlausar grei&eth;slur - Bitcoin - 100% alvarleg og hei&eth;arleg &thorn;j&oacute;nusta - 420 Iceland Reyjavik Cannabis Shop - Whatsapp Telegram +34664537342 SIGNAL @cmmleomadrid.65 &ndash; Leo (English support) - panterarosa1772@gmail.com - Threema: JHXT6HHA\" \/>\n<meta name=\"twitter:card\" content=\"summary_large_image\" \/>\n<meta name=\"twitter:label1\" content=\"Estimated reading time\" \/>\n\t<meta name=\"twitter:data1\" content=\"4 minutes\" \/>\n<script type=\"application\/ld+json\" class=\"yoast-schema-graph\">{\"@context\":\"https:\\\/\\\/schema.org\",\"@graph\":[{\"@type\":\"WebPage\",\"@id\":\"https:\\\/\\\/reyjavikcannabis.com\\\/index.php\\\/metatags1\\\/\",\"url\":\"https:\\\/\\\/reyjavikcannabis.com\\\/index.php\\\/metatags1\\\/\",\"name\":\"metatags1 - Kauptu t&ouml;frandi bl&oacute;m &aacute; &Iacute;slandi - Nafnlausar grei&eth;slur - Bitcoin - 100% alvarleg og hei&eth;arleg &thorn;j&oacute;nusta - 420 Iceland Reyjavik Cannabis Shop - Whatsapp Telegram +34664537342 SIGNAL @cmmleomadrid.65 &ndash; Leo (English support) - panterarosa1772@gmail.com - Threema: JHXT6HHA\",\"isPartOf\":{\"@id\":\"https:\\\/\\\/reyjavikcannabis.com\\\/#website\"},\"datePublished\":\"2025-03-15T23:26:24+00:00\",\"breadcrumb\":{\"@id\":\"https:\\\/\\\/reyjavikcannabis.com\\\/index.php\\\/metatags1\\\/#breadcrumb\"},\"inLanguage\":\"en-GB\",\"potentialAction\":[{\"@type\":\"ReadAction\",\"target\":[\"https:\\\/\\\/reyjavikcannabis.com\\\/index.php\\\/metatags1\\\/\"]}]},{\"@type\":\"BreadcrumbList\",\"@id\":\"https:\\\/\\\/reyjavikcannabis.com\\\/index.php\\\/metatags1\\\/#breadcrumb\",\"itemListElement\":[{\"@type\":\"ListItem\",\"position\":1,\"name\":\"Home\",\"item\":\"https:\\\/\\\/reyjavikcannabis.com\\\/\"},{\"@type\":\"ListItem\",\"position\":2,\"name\":\"metatags1\"}]},{\"@type\":\"WebSite\",\"@id\":\"https:\\\/\\\/reyjavikcannabis.com\\\/#website\",\"url\":\"https:\\\/\\\/reyjavikcannabis.com\\\/\",\"name\":\"Kauptu t\u00f6frandi bl\u00f3m \u00e1 \u00cdslandi - Nafnlausar grei\u00f0slur - Bitcoin - 100% alvarleg og hei\u00f0arleg \u00fej\u00f3nusta - 420 Iceland Reyjavik Cannabis Shop - Whatsapp Telegram +34664537342 SIGNAL @cmmleomadrid.65 \u2013 Leo (English support) - panterarosa1772@gmail.com - Threema: JHXT6HHA\",\"description\":\"Islandia, \u00cdsland, Reykjav\u00edk, Gullfoss, Geysir, J\u00f6kuls\u00e1rl\u00f3n, Blue Lagoon, Vatnaj\u00f6kull, Hallgr\u00edmskirkja, Perlan, Thingvellir, Sk\u00f3gafoss, Seljalandsfoss, Hekla, Sn\u00e6fellsj\u00f6kull, Akureyri, M\u00fdvatn, Fja\u00f0r\u00e1rglj\u00fafur, Reynisfjara, Vik, Gullfoss waterfall, Blue Lagoon Iceland, Iceland volcanoes, Iceland glaciers, Iceland waterfalls, Icelandic nature, Icelandic tourism, Icelandic food, Icelandic lamb, Icelandic fish, Icelandic cuisine, Icelandic hot dogs, Icelandic pancakes, Icelandic rye bread, Icelandic yogurt, Skyr, H\u00e1karl, Reykjavik food, Reykjavik restaurants, Reykjavik nightlife, Reykjavik attractions, Reykjavik tours, Reykjavik hotels, Reykjavik shopping, Reykjavik art scene, Reykjavik museums, Reykjavik history, Reykjavik landmarks, Reykjavik sightseeing, Reykjavik activities, Reykjavik bars, Reykjavik cafes, Reykjavik restaurants, Reykjavik street food, Reykjavik vegan restaurants, Icelandic hot springs, Icelandic spas, Reykjavik geothermal pools, Reykjavik fitness centers, Reykjavik hiking, Reykjavik bike tours, Reykjavik adventure tours, Reykjavik cultural tours, Icelandic culture, Icelandic festivals, Icelandic music, Icelandic artists, Reykjavik music scene, Icelandic sagas, Icelandic heritage, Icelandic myths, Icelandic art, Icelandic history, Icelandic folklore, Icelandic literature, Icelandic fashion, Reykjavik fashion, Icelandic wool, Icelandic knitwear, Icelandic wool sweaters, Icelandic souvenirs, Icelandic jewelry, Icelandic antiques, Icelandic design, Icelandic outdoor gear, Icelandic hiking routes, Icelandic beaches, Icelandic fjords, Icelandic mountains, Icelandic hiking trails, Icelandic wildlife, Icelandic birds, Icelandic animals, Icelandic lakes, Icelandic rivers, Reykjavik shopping districts, Reykjavik luxury shopping, Reykjavik markets, Reykjavik boutique shops, Reykjavik farmers markets, \",\"publisher\":{\"@id\":\"https:\\\/\\\/reyjavikcannabis.com\\\/#organization\"},\"potentialAction\":[{\"@type\":\"SearchAction\",\"target\":{\"@type\":\"EntryPoint\",\"urlTemplate\":\"https:\\\/\\\/reyjavikcannabis.com\\\/?s={search_term_string}\"},\"query-input\":{\"@type\":\"PropertyValueSpecification\",\"valueRequired\":true,\"valueName\":\"search_term_string\"}}],\"inLanguage\":\"en-GB\"},{\"@type\":\"Organization\",\"@id\":\"https:\\\/\\\/reyjavikcannabis.com\\\/#organization\",\"name\":\"Kauptu t\u00f6frandi bl\u00f3m \u00e1 \u00cdslandi - Nafnlausar grei\u00f0slur - Bitcoin - 100% alvarleg og hei\u00f0arleg \u00fej\u00f3nusta - 420 Iceland Reyjavik Cannabis Shop - Whatsapp Telegram +34664537342 SIGNAL @cmmleomadrid.65 \u2013 Leo (English support) - panterarosa1772@gmail.com - Threema: JHXT6HHA\",\"url\":\"https:\\\/\\\/reyjavikcannabis.com\\\/\",\"logo\":{\"@type\":\"ImageObject\",\"inLanguage\":\"en-GB\",\"@id\":\"https:\\\/\\\/reyjavikcannabis.com\\\/#\\\/schema\\\/logo\\\/image\\\/\",\"url\":\"https:\\\/\\\/reyjavikcannabis.com\\\/wp-content\\\/uploads\\\/2025\\\/03\\\/cropped-rek1.jpg\",\"contentUrl\":\"https:\\\/\\\/reyjavikcannabis.com\\\/wp-content\\\/uploads\\\/2025\\\/03\\\/cropped-rek1.jpg\",\"width\":512,\"height\":512,\"caption\":\"Kauptu t\u00f6frandi bl\u00f3m \u00e1 \u00cdslandi - Nafnlausar grei\u00f0slur - Bitcoin - 100% alvarleg og hei\u00f0arleg \u00fej\u00f3nusta - 420 Iceland Reyjavik Cannabis Shop - Whatsapp Telegram +34664537342 SIGNAL @cmmleomadrid.65 \u2013 Leo (English support) - panterarosa1772@gmail.com - Threema: JHXT6HHA\"},\"image\":{\"@id\":\"https:\\\/\\\/reyjavikcannabis.com\\\/#\\\/schema\\\/logo\\\/image\\\/\"}}]}<\/script>\n<!-- \/ Yoast SEO plugin. -->","yoast_head_json":{"title":"metatags1 - Kauptu t&ouml;frandi bl&oacute;m &aacute; &Iacute;slandi - Nafnlausar grei&eth;slur - Bitcoin - 100% alvarleg og hei&eth;arleg &thorn;j&oacute;nusta - 420 Iceland Reyjavik Cannabis Shop - Whatsapp Telegram +34664537342 SIGNAL @cmmleomadrid.65 &ndash; Leo (English support) - panterarosa1772@gmail.com - Threema: JHXT6HHA","robots":{"index":"index","follow":"follow","max-snippet":"max-snippet:-1","max-image-preview":"max-image-preview:large","max-video-preview":"max-video-preview:-1"},"canonical":"https:\/\/reyjavikcannabis.com\/index.php\/metatags1\/","og_locale":"en_GB","og_type":"article","og_title":"metatags1 - Kauptu t&ouml;frandi bl&oacute;m &aacute; &Iacute;slandi - Nafnlausar grei&eth;slur - Bitcoin - 100% alvarleg og hei&eth;arleg &thorn;j&oacute;nusta - 420 Iceland Reyjavik Cannabis Shop - Whatsapp Telegram +34664537342 SIGNAL @cmmleomadrid.65 &ndash; Leo (English support) - panterarosa1772@gmail.com - Threema: JHXT6HHA","og_description":"Reykjav\u00edk, h\u00f6fu\u00f0borg \u00cdslands, \u00cdsland, Reykjav\u00edkurfer\u00f0ir, Reykjav\u00edkurmat, \u00edslensk menning, \u00edslensk matarger\u00f0, \u00fej\u00f3\u00f0menning \u00cdslands, fer\u00f0al\u00f6g til Reykjav\u00edkur, Harpa t\u00f3nlistarh\u00fas, Hallgr\u00edmskirkja, Perlan, Laugavegur, gamla h\u00f6fnin, \u00c1rb\u00e6jarsafn, Tj\u00f6rnin, \u00c1sgr\u00edmskirkja, Reykjav\u00edkurv\u00f6llur, Laugardalur, Blue Lagoon, Gullfoss, \u00deingvellir, Hvalfj\u00f6r\u00f0ur, Grandi, Sun Voyager, \u00edslenskir veitingasta\u00f0ir, \u00edslenskt kaffi, \u00edslenskar s\u00fapur, h\u00e1karl, Reykjav\u00edkurb\u00ed\u00f3, \u00edslensk b\u00f3kmenntir, \u00edslenskt \u00fej\u00f3\u00f0ararf, \u00edslenskir t\u00f3nlistarmenn, \u00edslensk t\u00f3nlist, Reykjav\u00edk Art Museum, National [&hellip;]","og_url":"https:\/\/reyjavikcannabis.com\/index.php\/metatags1\/","og_site_name":"Kauptu t&ouml;frandi bl&oacute;m &aacute; &Iacute;slandi - Nafnlausar grei&eth;slur - Bitcoin - 100% alvarleg og hei&eth;arleg &thorn;j&oacute;nusta - 420 Iceland Reyjavik Cannabis Shop - Whatsapp Telegram +34664537342 SIGNAL @cmmleomadrid.65 &ndash; Leo (English support) - panterarosa1772@gmail.com - Threema: JHXT6HHA","twitter_card":"summary_large_image","twitter_misc":{"Estimated reading time":"4 minutes"},"schema":{"@context":"https:\/\/schema.org","@graph":[{"@type":"WebPage","@id":"https:\/\/reyjavikcannabis.com\/index.php\/metatags1\/","url":"https:\/\/reyjavikcannabis.com\/index.php\/metatags1\/","name":"metatags1 - Kauptu t&ouml;frandi bl&oacute;m &aacute; &Iacute;slandi - Nafnlausar grei&eth;slur - Bitcoin - 100% alvarleg og hei&eth;arleg &thorn;j&oacute;nusta - 420 Iceland Reyjavik Cannabis Shop - Whatsapp Telegram +34664537342 SIGNAL @cmmleomadrid.65 &ndash; Leo (English support) - panterarosa1772@gmail.com - Threema: JHXT6HHA","isPartOf":{"@id":"https:\/\/reyjavikcannabis.com\/#website"},"datePublished":"2025-03-15T23:26:24+00:00","breadcrumb":{"@id":"https:\/\/reyjavikcannabis.com\/index.php\/metatags1\/#breadcrumb"},"inLanguage":"en-GB","potentialAction":[{"@type":"ReadAction","target":["https:\/\/reyjavikcannabis.com\/index.php\/metatags1\/"]}]},{"@type":"BreadcrumbList","@id":"https:\/\/reyjavikcannabis.com\/index.php\/metatags1\/#breadcrumb","itemListElement":[{"@type":"ListItem","position":1,"name":"Home","item":"https:\/\/reyjavikcannabis.com\/"},{"@type":"ListItem","position":2,"name":"metatags1"}]},{"@type":"WebSite","@id":"https:\/\/reyjavikcannabis.com\/#website","url":"https:\/\/reyjavikcannabis.com\/","name":"Kauptu t\u00f6frandi bl\u00f3m \u00e1 \u00cdslandi - Nafnlausar grei\u00f0slur - Bitcoin - 100% alvarleg og hei\u00f0arleg \u00fej\u00f3nusta - 420 Iceland Reyjavik Cannabis Shop - Whatsapp Telegram +34664537342 SIGNAL @cmmleomadrid.65 \u2013 Leo (English support) - panterarosa1772@gmail.com - Threema: JHXT6HHA","description":"Islandia, \u00cdsland, Reykjav\u00edk, Gullfoss, Geysir, J\u00f6kuls\u00e1rl\u00f3n, Blue Lagoon, Vatnaj\u00f6kull, Hallgr\u00edmskirkja, Perlan, Thingvellir, Sk\u00f3gafoss, Seljalandsfoss, Hekla, Sn\u00e6fellsj\u00f6kull, Akureyri, M\u00fdvatn, Fja\u00f0r\u00e1rglj\u00fafur, Reynisfjara, Vik, Gullfoss waterfall, Blue Lagoon Iceland, Iceland volcanoes, Iceland glaciers, Iceland waterfalls, Icelandic nature, Icelandic tourism, Icelandic food, Icelandic lamb, Icelandic fish, Icelandic cuisine, Icelandic hot dogs, Icelandic pancakes, Icelandic rye bread, Icelandic yogurt, Skyr, H\u00e1karl, Reykjavik food, Reykjavik restaurants, Reykjavik nightlife, Reykjavik attractions, Reykjavik tours, Reykjavik hotels, Reykjavik shopping, Reykjavik art scene, Reykjavik museums, Reykjavik history, Reykjavik landmarks, Reykjavik sightseeing, Reykjavik activities, Reykjavik bars, Reykjavik cafes, Reykjavik restaurants, Reykjavik street food, Reykjavik vegan restaurants, Icelandic hot springs, Icelandic spas, Reykjavik geothermal pools, Reykjavik fitness centers, Reykjavik hiking, Reykjavik bike tours, Reykjavik adventure tours, Reykjavik cultural tours, Icelandic culture, Icelandic festivals, Icelandic music, Icelandic artists, Reykjavik music scene, Icelandic sagas, Icelandic heritage, Icelandic myths, Icelandic art, Icelandic history, Icelandic folklore, Icelandic literature, Icelandic fashion, Reykjavik fashion, Icelandic wool, Icelandic knitwear, Icelandic wool sweaters, Icelandic souvenirs, Icelandic jewelry, Icelandic antiques, Icelandic design, Icelandic outdoor gear, Icelandic hiking routes, Icelandic beaches, Icelandic fjords, Icelandic mountains, Icelandic hiking trails, Icelandic wildlife, Icelandic birds, Icelandic animals, Icelandic lakes, Icelandic rivers, Reykjavik shopping districts, Reykjavik luxury shopping, Reykjavik markets, Reykjavik boutique shops, Reykjavik farmers markets, ","publisher":{"@id":"https:\/\/reyjavikcannabis.com\/#organization"},"potentialAction":[{"@type":"SearchAction","target":{"@type":"EntryPoint","urlTemplate":"https:\/\/reyjavikcannabis.com\/?s={search_term_string}"},"query-input":{"@type":"PropertyValueSpecification","valueRequired":true,"valueName":"search_term_string"}}],"inLanguage":"en-GB"},{"@type":"Organization","@id":"https:\/\/reyjavikcannabis.com\/#organization","name":"Kauptu t\u00f6frandi bl\u00f3m \u00e1 \u00cdslandi - Nafnlausar grei\u00f0slur - Bitcoin - 100% alvarleg og hei\u00f0arleg \u00fej\u00f3nusta - 420 Iceland Reyjavik Cannabis Shop - Whatsapp Telegram +34664537342 SIGNAL @cmmleomadrid.65 \u2013 Leo (English support) - panterarosa1772@gmail.com - Threema: JHXT6HHA","url":"https:\/\/reyjavikcannabis.com\/","logo":{"@type":"ImageObject","inLanguage":"en-GB","@id":"https:\/\/reyjavikcannabis.com\/#\/schema\/logo\/image\/","url":"https:\/\/reyjavikcannabis.com\/wp-content\/uploads\/2025\/03\/cropped-rek1.jpg","contentUrl":"https:\/\/reyjavikcannabis.com\/wp-content\/uploads\/2025\/03\/cropped-rek1.jpg","width":512,"height":512,"caption":"Kauptu t\u00f6frandi bl\u00f3m \u00e1 \u00cdslandi - Nafnlausar grei\u00f0slur - Bitcoin - 100% alvarleg og hei\u00f0arleg \u00fej\u00f3nusta - 420 Iceland Reyjavik Cannabis Shop - Whatsapp Telegram +34664537342 SIGNAL @cmmleomadrid.65 \u2013 Leo (English support) - panterarosa1772@gmail.com - Threema: JHXT6HHA"},"image":{"@id":"https:\/\/reyjavikcannabis.com\/#\/schema\/logo\/image\/"}}]}},"_links":{"self":[{"href":"https:\/\/reyjavikcannabis.com\/index.php\/wp-json\/wp\/v2\/pages\/12","targetHints":{"allow":["GET"]}}],"collection":[{"href":"https:\/\/reyjavikcannabis.com\/index.php\/wp-json\/wp\/v2\/pages"}],"about":[{"href":"https:\/\/reyjavikcannabis.com\/index.php\/wp-json\/wp\/v2\/types\/page"}],"author":[{"embeddable":true,"href":"https:\/\/reyjavikcannabis.com\/index.php\/wp-json\/wp\/v2\/users\/1"}],"replies":[{"embeddable":true,"href":"https:\/\/reyjavikcannabis.com\/index.php\/wp-json\/wp\/v2\/comments?post=12"}],"version-history":[{"count":0,"href":"https:\/\/reyjavikcannabis.com\/index.php\/wp-json\/wp\/v2\/pages\/12\/revisions"}],"wp:attachment":[{"href":"https:\/\/reyjavikcannabis.com\/index.php\/wp-json\/wp\/v2\/media?parent=12"}],"curies":[{"name":"wp","href":"https:\/\/api.w.org\/{rel}","templated":true}]}}