{"id":28,"date":"2025-03-15T23:40:11","date_gmt":"2025-03-15T23:40:11","guid":{"rendered":"https:\/\/reyjavikcannabis.com\/?page_id=28"},"modified":"2025-03-15T23:40:11","modified_gmt":"2025-03-15T23:40:11","slug":"metatags4","status":"publish","type":"page","link":"https:\/\/reyjavikcannabis.com\/index.php\/metatags4\/","title":{"rendered":"metatags4"},"content":{"rendered":"<p>Here are 500 English metatags related to the most searched topics in Iceland, separated by commas:<\/p>\n<p>Iceland, Reykjavik, Golden Circle, Gullfoss, Geysir, Blue Lagoon, Vatnaj\u00f6kull, J\u00f6kuls\u00e1rl\u00f3n, Hallgr\u00edmskirkja, Thingvellir National Park, Skogafoss, Seljalandsfoss, Sn\u00e6fellsj\u00f6kull, Akureyri, Myvatn, Reykjavik restaurants, Icelandic food, Icelandic hot dogs, Icelandic lamb, Icelandic fish, Skyr, H\u00e1karl, Icelandic cuisine, Reykjavik hotels, Reykjavik nightlife, Reykjavik cafes, Reykjavik shopping, Reykjavik museums, Reykjavik attractions, Iceland volcanoes, Iceland glaciers, Icelandic waterfalls, Icelandic nature, Icelandic wildlife, Icelandic animals, Icelandic birds, Icelandic hiking, Icelandic hiking trails, Icelandic adventure tours, Reykjavik adventure tours, Icelandic fjords, Icelandic mountain ranges, Icelandic glaciers, Icelandic hiking tours, Icelandic volcano tours, Reykjavik nightlife, Reykjavik tours, Icelandic spas, Icelandic hot springs, Reykjavik geothermal pools, Reykjavik sightseeing, Reykjavik sightseeing tours, Reykjavik culture, Icelandic culture, Icelandic history, Reykjavik art scene, Icelandic art, Icelandic design, Icelandic wool, Icelandic knitwear, Reykjavik fashion, Reykjavik shopping malls, Reykjavik boutiques, Reykjavik fashion stores, Reykjavik outdoor gear, Reykjavik souvenirs, Icelandic souvenirs, Reykjavik street food, Reykjavik vegan restaurants, Reykjavik breakfast spots, Icelandic nature reserves, Icelandic national parks, Icelandic parks, Icelandic waterfalls to visit, Icelandic landscapes, Icelandic nature photography, Icelandic wildlife photography, Reykjavik family-friendly activities, Reykjavik family hotels, Icelandic luxury hotels, Icelandic hotels, Icelandic boutique hotels, Reykjavik boutique hotels, Reykjavik luxury accommodation, Reykjavik hotels with pools, Reykjavik spa hotels, Reykjavik pet-friendly hotels, Reykjavik budget hotels, Icelandic luxury resorts, Icelandic ski resorts, Reykjavik adventure activities, Icelandic snowboarding, Icelandic skiing, Reykjavik snow sports, Reykjavik summer festivals, Reykjavik winter festivals, Reykjavik music festivals, Icelandic festivals, Reykjavik concerts, Reykjavik opera, Reykjavik theater, Icelandic film festivals, Icelandic food festivals, Reykjavik art festivals, Reykjavik classical music, Reykjavik live music, Reykjavik clubs, Reykjavik bars, Reykjavik rock concerts, Reykjavik jazz clubs, Reykjavik pop music, Icelandic music, Icelandic musicians, Reykjavik live events, Icelandic artists, Icelandic photography, Reykjavik art galleries, Icelandic art exhibitions, Reykjavik food tours, Reykjavik city tours, Icelandic outdoor activities, Icelandic boat trips, Icelandic whale watching, Reykjavik whale watching, Icelandic beaches, Icelandic fishing, Icelandic fishing villages, Reykjavik fishing trips, Icelandic lake fishing, Icelandic camping, Icelandic mountain biking, Icelandic bike tours, Icelandic beaches to visit, Icelandic volcanoes to visit, Icelandic thermal pools, Icelandic mineral water, Reykjavik health and wellness, Icelandic spas and wellness, Icelandic wellness resorts, Icelandic fitness centers, Icelandic hot springs, Icelandic bathing culture, Icelandic health retreats, Icelandic yoga retreats, Icelandic wellness experiences, Icelandic geothermal resorts, Reykjavik wellness centers, Reykjavik geothermal spas, Icelandic organic food, Icelandic food delivery, Reykjavik street food tours, Reykjavik vegan food tours, Icelandic wildlife watching tours, Reykjavik wildlife photography tours, Reykjavik guided tours, Icelandic adventure holidays, Icelandic travel tours, Reykjavik food and drink tours, Reykjavik luxury tours, Reykjavik day tours, Icelandic road trips, Icelandic scenic drives, Icelandic camping trips, Icelandic road trip guides, Icelandic backpacking, Icelandic hiking tips, Icelandic adventure gear, Icelandic outdoor gear, Icelandic winter hiking, Icelandic summer hiking, Icelandic glacier hiking, Icelandic ice caves, Icelandic snowshoeing, Icelandic road trips guide, Icelandic travel blog, Icelandic travel guides, Reykjavik city guide, Icelandic road trip routes, Icelandic vacation packages, Icelandic travel deals, Icelandic honeymoon destinations, Icelandic honeymoon hotels, Icelandic honeymoon tours, Icelandic vacation rentals, Reykjavik apartments, Reykjavik Airbnb, Icelandic vacation rentals, Icelandic lodging, Reykjavik bed and breakfasts, Icelandic guesthouses, Reykjavik hostels, Icelandic cabins, Icelandic glamping, Reykjavik vacation planning, Reykjavik weekend getaways, Icelandic tour operators, Icelandic travel agencies, Icelandic guided tours, Icelandic private tours, Reykjavik tour packages, Reykjavik car rentals, Reykjavik airport transfers, Reykjavik taxi service, Reykjavik public transport, Reykjavik bike rentals, Reykjavik bicycle tours, Icelandic taxi services, Icelandic public transport, Reykjavik bus tours, Icelandic train tours, Icelandic train stations, Reykjavik ferry service, Icelandic ferry tours, Icelandic local transportation, Reykjavik airport taxi, Reykjavik airport bus, Reykjavik city buses, Reykjavik public transport tips, Reykjavik driving tips, Icelandic road safety, Icelandic road conditions, Reykjavik travel tips, Icelandic travel experiences, Icelandic attractions, Icelandic bucket list, Reykjavik sightseeing tips, Icelandic shopping tips, Icelandic fashion tips, Icelandic photography tips, Reykjavik trip planner, Reykjavik itinerary, Icelandic travel blogger, Reykjavik travel blog, Icelandic photographers, Icelandic tourism blogs, Icelandic influencers, Icelandic tourism reviews, Reykjavik restaurant reviews, Reykjavik tourist reviews, Icelandic attraction reviews, Icelandic travel advice, Icelandic travel recommendations, Reykjavik travel news, Reykjavik trip advice, Icelandic tourist spots, Reykjavik hotels reviews, Reykjavik restaurant guide, Icelandic travel itinerary, Icelandic self-drive tours, Icelandic eco-tours, Reykjavik eco-friendly activities, Reykjavik sustainability, Reykjavik sustainable travel, Icelandic eco-friendly hotels, Reykjavik sustainable hotels, Icelandic sustainability practices, Icelandic environment, Icelandic eco-tourism, Icelandic green tourism, Icelandic renewable energy, Icelandic geothermal energy, Icelandic wind power, Reykjavik green spaces, Reykjavik parks, Reykjavik outdoor activities, Icelandic outdoor experiences, Icelandic family activities, Reykjavik cultural experiences, Icelandic festivals 2024, Reykjavik cultural festivals, Reykjavik winter events, Reykjavik New Year&#8217;s Eve, Reykjavik holiday markets, Reykjavik Christmas events, Reykjavik summer events, Reykjavik cultural tourism, Icelandic heritage, Reykjavik history, Reykjavik Vikings, Icelandic Viking culture, Icelandic sagas, Icelandic folklore, Reykjavik Viking Museum, Icelandic folklore tours, Reykjavik Viking tours, Reykjavik city history, Icelandic city tours, Reykjavik Viking attractions, Reykjavik historical tours, Icelandic museums, Reykjavik historical museums, Reykjavik art museums, Icelandic art galleries, Icelandic historical sites, Icelandic monuments, Reykjavik landmarks, Reykjavik city landmarks, Reykjavik nature landmarks, Reykjavik heritage sites, Reykjavik ancient history, Icelandic Viking history, Reykjavik cultural heritage.<\/p>\n<p>&nbsp;<\/p>\n","protected":false},"excerpt":{"rendered":"<p>Here are 500 English metatags related to the most searched topics in Iceland, separated by commas: Iceland, Reykjavik, Golden Circle, Gullfoss, Geysir, Blue Lagoon, Vatnaj\u00f6kull, J\u00f6kuls\u00e1rl\u00f3n, Hallgr\u00edmskirkja, Thingvellir National Park, Skogafoss, Seljalandsfoss, Sn\u00e6fellsj\u00f6kull, Akureyri, Myvatn, Reykjavik restaurants, Icelandic food, Icelandic hot dogs, Icelandic lamb, Icelandic fish, Skyr, H\u00e1karl, Icelandic cuisine, Reykjavik hotels, Reykjavik nightlife, Reykjavik [&hellip;]<\/p>\n","protected":false},"author":1,"featured_media":0,"parent":0,"menu_order":0,"comment_status":"closed","ping_status":"closed","template":"","meta":{"footnotes":""},"class_list":["post-28","page","type-page","status-publish","hentry"],"yoast_head":"<!-- This site is optimized with the Yoast SEO plugin v27.4 - https:\/\/yoast.com\/product\/yoast-seo-wordpress\/ -->\n<title>metatags4 - Kauptu t&ouml;frandi bl&oacute;m &aacute; &Iacute;slandi - Nafnlausar grei&eth;slur - Bitcoin - 100% alvarleg og hei&eth;arleg &thorn;j&oacute;nusta - 420 Iceland Reyjavik Cannabis Shop - Whatsapp Telegram +34664537342 SIGNAL @cmmleomadrid.65 &ndash; Leo (English support) - panterarosa1772@gmail.com - Threema: JHXT6HHA<\/title>\n<meta name=\"robots\" content=\"index, follow, max-snippet:-1, max-image-preview:large, max-video-preview:-1\" \/>\n<link rel=\"canonical\" href=\"https:\/\/reyjavikcannabis.com\/index.php\/metatags4\/\" \/>\n<meta property=\"og:locale\" content=\"en_GB\" \/>\n<meta property=\"og:type\" content=\"article\" \/>\n<meta property=\"og:title\" content=\"metatags4 - Kauptu t&ouml;frandi bl&oacute;m &aacute; &Iacute;slandi - Nafnlausar grei&eth;slur - Bitcoin - 100% alvarleg og hei&eth;arleg &thorn;j&oacute;nusta - 420 Iceland Reyjavik Cannabis Shop - Whatsapp Telegram +34664537342 SIGNAL @cmmleomadrid.65 &ndash; Leo (English support) - panterarosa1772@gmail.com - Threema: JHXT6HHA\" \/>\n<meta property=\"og:description\" content=\"Here are 500 English metatags related to the most searched topics in Iceland, separated by commas: Iceland, Reykjavik, Golden Circle, Gullfoss, Geysir, Blue Lagoon, Vatnaj\u00f6kull, J\u00f6kuls\u00e1rl\u00f3n, Hallgr\u00edmskirkja, Thingvellir National Park, Skogafoss, Seljalandsfoss, Sn\u00e6fellsj\u00f6kull, Akureyri, Myvatn, Reykjavik restaurants, Icelandic food, Icelandic hot dogs, Icelandic lamb, Icelandic fish, Skyr, H\u00e1karl, Icelandic cuisine, Reykjavik hotels, Reykjavik nightlife, Reykjavik [&hellip;]\" \/>\n<meta property=\"og:url\" content=\"https:\/\/reyjavikcannabis.com\/index.php\/metatags4\/\" \/>\n<meta property=\"og:site_name\" content=\"Kauptu t&ouml;frandi bl&oacute;m &aacute; &Iacute;slandi - Nafnlausar grei&eth;slur - Bitcoin - 100% alvarleg og hei&eth;arleg &thorn;j&oacute;nusta - 420 Iceland Reyjavik Cannabis Shop - Whatsapp Telegram +34664537342 SIGNAL @cmmleomadrid.65 &ndash; Leo (English support) - panterarosa1772@gmail.com - Threema: JHXT6HHA\" \/>\n<meta name=\"twitter:card\" content=\"summary_large_image\" \/>\n<meta name=\"twitter:label1\" content=\"Estimated reading time\" \/>\n\t<meta name=\"twitter:data1\" content=\"4 minutes\" \/>\n<script type=\"application\/ld+json\" class=\"yoast-schema-graph\">{\"@context\":\"https:\\\/\\\/schema.org\",\"@graph\":[{\"@type\":\"WebPage\",\"@id\":\"https:\\\/\\\/reyjavikcannabis.com\\\/index.php\\\/metatags4\\\/\",\"url\":\"https:\\\/\\\/reyjavikcannabis.com\\\/index.php\\\/metatags4\\\/\",\"name\":\"metatags4 - Kauptu t&ouml;frandi bl&oacute;m &aacute; &Iacute;slandi - Nafnlausar grei&eth;slur - Bitcoin - 100% alvarleg og hei&eth;arleg &thorn;j&oacute;nusta - 420 Iceland Reyjavik Cannabis Shop - Whatsapp Telegram +34664537342 SIGNAL @cmmleomadrid.65 &ndash; Leo (English support) - panterarosa1772@gmail.com - Threema: JHXT6HHA\",\"isPartOf\":{\"@id\":\"https:\\\/\\\/reyjavikcannabis.com\\\/#website\"},\"datePublished\":\"2025-03-15T23:40:11+00:00\",\"breadcrumb\":{\"@id\":\"https:\\\/\\\/reyjavikcannabis.com\\\/index.php\\\/metatags4\\\/#breadcrumb\"},\"inLanguage\":\"en-GB\",\"potentialAction\":[{\"@type\":\"ReadAction\",\"target\":[\"https:\\\/\\\/reyjavikcannabis.com\\\/index.php\\\/metatags4\\\/\"]}]},{\"@type\":\"BreadcrumbList\",\"@id\":\"https:\\\/\\\/reyjavikcannabis.com\\\/index.php\\\/metatags4\\\/#breadcrumb\",\"itemListElement\":[{\"@type\":\"ListItem\",\"position\":1,\"name\":\"Home\",\"item\":\"https:\\\/\\\/reyjavikcannabis.com\\\/\"},{\"@type\":\"ListItem\",\"position\":2,\"name\":\"metatags4\"}]},{\"@type\":\"WebSite\",\"@id\":\"https:\\\/\\\/reyjavikcannabis.com\\\/#website\",\"url\":\"https:\\\/\\\/reyjavikcannabis.com\\\/\",\"name\":\"Kauptu t\u00f6frandi bl\u00f3m \u00e1 \u00cdslandi - Nafnlausar grei\u00f0slur - Bitcoin - 100% alvarleg og hei\u00f0arleg \u00fej\u00f3nusta - 420 Iceland Reyjavik Cannabis Shop - Whatsapp Telegram +34664537342 SIGNAL @cmmleomadrid.65 \u2013 Leo (English support) - panterarosa1772@gmail.com - Threema: JHXT6HHA\",\"description\":\"Islandia, \u00cdsland, Reykjav\u00edk, Gullfoss, Geysir, J\u00f6kuls\u00e1rl\u00f3n, Blue Lagoon, Vatnaj\u00f6kull, Hallgr\u00edmskirkja, Perlan, Thingvellir, Sk\u00f3gafoss, Seljalandsfoss, Hekla, Sn\u00e6fellsj\u00f6kull, Akureyri, M\u00fdvatn, Fja\u00f0r\u00e1rglj\u00fafur, Reynisfjara, Vik, Gullfoss waterfall, Blue Lagoon Iceland, Iceland volcanoes, Iceland glaciers, Iceland waterfalls, Icelandic nature, Icelandic tourism, Icelandic food, Icelandic lamb, Icelandic fish, Icelandic cuisine, Icelandic hot dogs, Icelandic pancakes, Icelandic rye bread, Icelandic yogurt, Skyr, H\u00e1karl, Reykjavik food, Reykjavik restaurants, Reykjavik nightlife, Reykjavik attractions, Reykjavik tours, Reykjavik hotels, Reykjavik shopping, Reykjavik art scene, Reykjavik museums, Reykjavik history, Reykjavik landmarks, Reykjavik sightseeing, Reykjavik activities, Reykjavik bars, Reykjavik cafes, Reykjavik restaurants, Reykjavik street food, Reykjavik vegan restaurants, Icelandic hot springs, Icelandic spas, Reykjavik geothermal pools, Reykjavik fitness centers, Reykjavik hiking, Reykjavik bike tours, Reykjavik adventure tours, Reykjavik cultural tours, Icelandic culture, Icelandic festivals, Icelandic music, Icelandic artists, Reykjavik music scene, Icelandic sagas, Icelandic heritage, Icelandic myths, Icelandic art, Icelandic history, Icelandic folklore, Icelandic literature, Icelandic fashion, Reykjavik fashion, Icelandic wool, Icelandic knitwear, Icelandic wool sweaters, Icelandic souvenirs, Icelandic jewelry, Icelandic antiques, Icelandic design, Icelandic outdoor gear, Icelandic hiking routes, Icelandic beaches, Icelandic fjords, Icelandic mountains, Icelandic hiking trails, Icelandic wildlife, Icelandic birds, Icelandic animals, Icelandic lakes, Icelandic rivers, Reykjavik shopping districts, Reykjavik luxury shopping, Reykjavik markets, Reykjavik boutique shops, Reykjavik farmers markets, \",\"publisher\":{\"@id\":\"https:\\\/\\\/reyjavikcannabis.com\\\/#organization\"},\"potentialAction\":[{\"@type\":\"SearchAction\",\"target\":{\"@type\":\"EntryPoint\",\"urlTemplate\":\"https:\\\/\\\/reyjavikcannabis.com\\\/?s={search_term_string}\"},\"query-input\":{\"@type\":\"PropertyValueSpecification\",\"valueRequired\":true,\"valueName\":\"search_term_string\"}}],\"inLanguage\":\"en-GB\"},{\"@type\":\"Organization\",\"@id\":\"https:\\\/\\\/reyjavikcannabis.com\\\/#organization\",\"name\":\"Kauptu t\u00f6frandi bl\u00f3m \u00e1 \u00cdslandi - Nafnlausar grei\u00f0slur - Bitcoin - 100% alvarleg og hei\u00f0arleg \u00fej\u00f3nusta - 420 Iceland Reyjavik Cannabis Shop - Whatsapp Telegram +34664537342 SIGNAL @cmmleomadrid.65 \u2013 Leo (English support) - panterarosa1772@gmail.com - Threema: JHXT6HHA\",\"url\":\"https:\\\/\\\/reyjavikcannabis.com\\\/\",\"logo\":{\"@type\":\"ImageObject\",\"inLanguage\":\"en-GB\",\"@id\":\"https:\\\/\\\/reyjavikcannabis.com\\\/#\\\/schema\\\/logo\\\/image\\\/\",\"url\":\"https:\\\/\\\/reyjavikcannabis.com\\\/wp-content\\\/uploads\\\/2025\\\/03\\\/cropped-rek1.jpg\",\"contentUrl\":\"https:\\\/\\\/reyjavikcannabis.com\\\/wp-content\\\/uploads\\\/2025\\\/03\\\/cropped-rek1.jpg\",\"width\":512,\"height\":512,\"caption\":\"Kauptu t\u00f6frandi bl\u00f3m \u00e1 \u00cdslandi - Nafnlausar grei\u00f0slur - Bitcoin - 100% alvarleg og hei\u00f0arleg \u00fej\u00f3nusta - 420 Iceland Reyjavik Cannabis Shop - Whatsapp Telegram +34664537342 SIGNAL @cmmleomadrid.65 \u2013 Leo (English support) - panterarosa1772@gmail.com - Threema: JHXT6HHA\"},\"image\":{\"@id\":\"https:\\\/\\\/reyjavikcannabis.com\\\/#\\\/schema\\\/logo\\\/image\\\/\"}}]}<\/script>\n<!-- \/ Yoast SEO plugin. -->","yoast_head_json":{"title":"metatags4 - Kauptu t&ouml;frandi bl&oacute;m &aacute; &Iacute;slandi - Nafnlausar grei&eth;slur - Bitcoin - 100% alvarleg og hei&eth;arleg &thorn;j&oacute;nusta - 420 Iceland Reyjavik Cannabis Shop - Whatsapp Telegram +34664537342 SIGNAL @cmmleomadrid.65 &ndash; Leo (English support) - panterarosa1772@gmail.com - Threema: JHXT6HHA","robots":{"index":"index","follow":"follow","max-snippet":"max-snippet:-1","max-image-preview":"max-image-preview:large","max-video-preview":"max-video-preview:-1"},"canonical":"https:\/\/reyjavikcannabis.com\/index.php\/metatags4\/","og_locale":"en_GB","og_type":"article","og_title":"metatags4 - Kauptu t&ouml;frandi bl&oacute;m &aacute; &Iacute;slandi - Nafnlausar grei&eth;slur - Bitcoin - 100% alvarleg og hei&eth;arleg &thorn;j&oacute;nusta - 420 Iceland Reyjavik Cannabis Shop - Whatsapp Telegram +34664537342 SIGNAL @cmmleomadrid.65 &ndash; Leo (English support) - panterarosa1772@gmail.com - Threema: JHXT6HHA","og_description":"Here are 500 English metatags related to the most searched topics in Iceland, separated by commas: Iceland, Reykjavik, Golden Circle, Gullfoss, Geysir, Blue Lagoon, Vatnaj\u00f6kull, J\u00f6kuls\u00e1rl\u00f3n, Hallgr\u00edmskirkja, Thingvellir National Park, Skogafoss, Seljalandsfoss, Sn\u00e6fellsj\u00f6kull, Akureyri, Myvatn, Reykjavik restaurants, Icelandic food, Icelandic hot dogs, Icelandic lamb, Icelandic fish, Skyr, H\u00e1karl, Icelandic cuisine, Reykjavik hotels, Reykjavik nightlife, Reykjavik [&hellip;]","og_url":"https:\/\/reyjavikcannabis.com\/index.php\/metatags4\/","og_site_name":"Kauptu t&ouml;frandi bl&oacute;m &aacute; &Iacute;slandi - Nafnlausar grei&eth;slur - Bitcoin - 100% alvarleg og hei&eth;arleg &thorn;j&oacute;nusta - 420 Iceland Reyjavik Cannabis Shop - Whatsapp Telegram +34664537342 SIGNAL @cmmleomadrid.65 &ndash; Leo (English support) - panterarosa1772@gmail.com - Threema: JHXT6HHA","twitter_card":"summary_large_image","twitter_misc":{"Estimated reading time":"4 minutes"},"schema":{"@context":"https:\/\/schema.org","@graph":[{"@type":"WebPage","@id":"https:\/\/reyjavikcannabis.com\/index.php\/metatags4\/","url":"https:\/\/reyjavikcannabis.com\/index.php\/metatags4\/","name":"metatags4 - Kauptu t&ouml;frandi bl&oacute;m &aacute; &Iacute;slandi - Nafnlausar grei&eth;slur - Bitcoin - 100% alvarleg og hei&eth;arleg &thorn;j&oacute;nusta - 420 Iceland Reyjavik Cannabis Shop - Whatsapp Telegram +34664537342 SIGNAL @cmmleomadrid.65 &ndash; Leo (English support) - panterarosa1772@gmail.com - Threema: JHXT6HHA","isPartOf":{"@id":"https:\/\/reyjavikcannabis.com\/#website"},"datePublished":"2025-03-15T23:40:11+00:00","breadcrumb":{"@id":"https:\/\/reyjavikcannabis.com\/index.php\/metatags4\/#breadcrumb"},"inLanguage":"en-GB","potentialAction":[{"@type":"ReadAction","target":["https:\/\/reyjavikcannabis.com\/index.php\/metatags4\/"]}]},{"@type":"BreadcrumbList","@id":"https:\/\/reyjavikcannabis.com\/index.php\/metatags4\/#breadcrumb","itemListElement":[{"@type":"ListItem","position":1,"name":"Home","item":"https:\/\/reyjavikcannabis.com\/"},{"@type":"ListItem","position":2,"name":"metatags4"}]},{"@type":"WebSite","@id":"https:\/\/reyjavikcannabis.com\/#website","url":"https:\/\/reyjavikcannabis.com\/","name":"Kauptu t\u00f6frandi bl\u00f3m \u00e1 \u00cdslandi - Nafnlausar grei\u00f0slur - Bitcoin - 100% alvarleg og hei\u00f0arleg \u00fej\u00f3nusta - 420 Iceland Reyjavik Cannabis Shop - Whatsapp Telegram +34664537342 SIGNAL @cmmleomadrid.65 \u2013 Leo (English support) - panterarosa1772@gmail.com - Threema: JHXT6HHA","description":"Islandia, \u00cdsland, Reykjav\u00edk, Gullfoss, Geysir, J\u00f6kuls\u00e1rl\u00f3n, Blue Lagoon, Vatnaj\u00f6kull, Hallgr\u00edmskirkja, Perlan, Thingvellir, Sk\u00f3gafoss, Seljalandsfoss, Hekla, Sn\u00e6fellsj\u00f6kull, Akureyri, M\u00fdvatn, Fja\u00f0r\u00e1rglj\u00fafur, Reynisfjara, Vik, Gullfoss waterfall, Blue Lagoon Iceland, Iceland volcanoes, Iceland glaciers, Iceland waterfalls, Icelandic nature, Icelandic tourism, Icelandic food, Icelandic lamb, Icelandic fish, Icelandic cuisine, Icelandic hot dogs, Icelandic pancakes, Icelandic rye bread, Icelandic yogurt, Skyr, H\u00e1karl, Reykjavik food, Reykjavik restaurants, Reykjavik nightlife, Reykjavik attractions, Reykjavik tours, Reykjavik hotels, Reykjavik shopping, Reykjavik art scene, Reykjavik museums, Reykjavik history, Reykjavik landmarks, Reykjavik sightseeing, Reykjavik activities, Reykjavik bars, Reykjavik cafes, Reykjavik restaurants, Reykjavik street food, Reykjavik vegan restaurants, Icelandic hot springs, Icelandic spas, Reykjavik geothermal pools, Reykjavik fitness centers, Reykjavik hiking, Reykjavik bike tours, Reykjavik adventure tours, Reykjavik cultural tours, Icelandic culture, Icelandic festivals, Icelandic music, Icelandic artists, Reykjavik music scene, Icelandic sagas, Icelandic heritage, Icelandic myths, Icelandic art, Icelandic history, Icelandic folklore, Icelandic literature, Icelandic fashion, Reykjavik fashion, Icelandic wool, Icelandic knitwear, Icelandic wool sweaters, Icelandic souvenirs, Icelandic jewelry, Icelandic antiques, Icelandic design, Icelandic outdoor gear, Icelandic hiking routes, Icelandic beaches, Icelandic fjords, Icelandic mountains, Icelandic hiking trails, Icelandic wildlife, Icelandic birds, Icelandic animals, Icelandic lakes, Icelandic rivers, Reykjavik shopping districts, Reykjavik luxury shopping, Reykjavik markets, Reykjavik boutique shops, Reykjavik farmers markets, ","publisher":{"@id":"https:\/\/reyjavikcannabis.com\/#organization"},"potentialAction":[{"@type":"SearchAction","target":{"@type":"EntryPoint","urlTemplate":"https:\/\/reyjavikcannabis.com\/?s={search_term_string}"},"query-input":{"@type":"PropertyValueSpecification","valueRequired":true,"valueName":"search_term_string"}}],"inLanguage":"en-GB"},{"@type":"Organization","@id":"https:\/\/reyjavikcannabis.com\/#organization","name":"Kauptu t\u00f6frandi bl\u00f3m \u00e1 \u00cdslandi - Nafnlausar grei\u00f0slur - Bitcoin - 100% alvarleg og hei\u00f0arleg \u00fej\u00f3nusta - 420 Iceland Reyjavik Cannabis Shop - Whatsapp Telegram +34664537342 SIGNAL @cmmleomadrid.65 \u2013 Leo (English support) - panterarosa1772@gmail.com - Threema: JHXT6HHA","url":"https:\/\/reyjavikcannabis.com\/","logo":{"@type":"ImageObject","inLanguage":"en-GB","@id":"https:\/\/reyjavikcannabis.com\/#\/schema\/logo\/image\/","url":"https:\/\/reyjavikcannabis.com\/wp-content\/uploads\/2025\/03\/cropped-rek1.jpg","contentUrl":"https:\/\/reyjavikcannabis.com\/wp-content\/uploads\/2025\/03\/cropped-rek1.jpg","width":512,"height":512,"caption":"Kauptu t\u00f6frandi bl\u00f3m \u00e1 \u00cdslandi - Nafnlausar grei\u00f0slur - Bitcoin - 100% alvarleg og hei\u00f0arleg \u00fej\u00f3nusta - 420 Iceland Reyjavik Cannabis Shop - Whatsapp Telegram +34664537342 SIGNAL @cmmleomadrid.65 \u2013 Leo (English support) - panterarosa1772@gmail.com - Threema: JHXT6HHA"},"image":{"@id":"https:\/\/reyjavikcannabis.com\/#\/schema\/logo\/image\/"}}]}},"_links":{"self":[{"href":"https:\/\/reyjavikcannabis.com\/index.php\/wp-json\/wp\/v2\/pages\/28","targetHints":{"allow":["GET"]}}],"collection":[{"href":"https:\/\/reyjavikcannabis.com\/index.php\/wp-json\/wp\/v2\/pages"}],"about":[{"href":"https:\/\/reyjavikcannabis.com\/index.php\/wp-json\/wp\/v2\/types\/page"}],"author":[{"embeddable":true,"href":"https:\/\/reyjavikcannabis.com\/index.php\/wp-json\/wp\/v2\/users\/1"}],"replies":[{"embeddable":true,"href":"https:\/\/reyjavikcannabis.com\/index.php\/wp-json\/wp\/v2\/comments?post=28"}],"version-history":[{"count":0,"href":"https:\/\/reyjavikcannabis.com\/index.php\/wp-json\/wp\/v2\/pages\/28\/revisions"}],"wp:attachment":[{"href":"https:\/\/reyjavikcannabis.com\/index.php\/wp-json\/wp\/v2\/media?parent=28"}],"curies":[{"name":"wp","href":"https:\/\/api.w.org\/{rel}","templated":true}]}}